 base 13, what is -29 + 6?
-23
In base 6, what is 1 - -40?
41
In base 7, what is -1 - 124?
-125
In base 11, what is 8 - 35?
-28
In base 8, what is 2 - 76?
-74
In base 11, what is -5 + 156?
151
In base 14, what is 2 + cb?
cd
In base 11, what is -8 - -79?
71
In base 9, what is 1 - 221?
-220
In base 3, what is -102 - -21000?
20121
In base 13, what is -393 - 2?
-395
In base 5, what is 0 - 3212?
-3212
In base 9, what is -46 + 3?
-43
In base 15, what is 23e + -3?
23b
In base 16, what is -926 - -5?
-921
In base 16, what is -107f + 2?
-107d
In base 2, what is -1101 - 10001?
-11110
In base 10, what is -4 - -142?
138
In base 4, what is 11322 + 2?
11330
In base 6, what is -131 - -4?
-123
In base 15, what is 2 + 1?
3
In base 2, what is -10 + 1010110?
1010100
In base 5, what is -3201 + 2?
-3144
In base 2, what is -11 + 0?
-11
In base 12, what is 3 - -135?
138
In base 7, what is 30022 + 5?
30030
In base 9, what is -64 - -6?
-57
In base 14, what is b + -14?
-7
In base 11, what is 18 + -3?
15
In base 7, what is 30 - 116?
-56
In base 10, what is -31 + -49?
-80
In base 14, what is 63 + 0?
63
In base 14, what is -19 - 173?
-18c
In base 6, what is -34321 + 5?
-34312
In base 8, what is -5 - -35?
30
In base 10, what is -2 + 100?
98
In base 10, what is -9 + 49?
40
In base 11, what is 3 - 284?
-281
In base 2, what is -1001011 - -1011111?
10100
In base 11, what is 14 + -61?
-48
In base 3, what is 20 + -10120111?
-10120021
In base 6, what is -3210 + -20?
-3230
In base 12, what is -9 - -1b?
12
In base 7, what is 456 - -11?
500
In base 9, what is -6 - -562?
555
In base 8, what is -1031 + 0?
-1031
In base 16, what is -12b - -6?
-125
In base 4, what is 2133 - -1012?
3211
In base 12, what is -625 + -1?
-626
In base 7, what is 4 - -2060?
2064
In base 13, what is -a3 + -30?
-103
In base 11, what is -14 + -755?
-769
In base 16, what is d2 - 1f?
b3
In base 12, what is 2 + -35?
-33
In base 15, what is 18 + 84?
9c
In base 10, what is -2 + 115?
113
In base 16, what is -19 + -117?
-130
In base 13, what is -507 + b?
-4c9
In base 12, what is 2 + -6ab?
-6a9
In base 2, what is 1010111 - -1000011?
10011010
In base 10, what is -3 - 5?
-8
In base 11, what is 5a + -23?
37
In base 15, what is -3 + -926?
-929
In base 9, what is -17 + 247?
230
In base 8, what is 4566 - -4?
4572
In base 15, what is -1 - 24?
-25
In base 15, what is 6 + -1?
5
In base 11, what is -78 + -2?
-7a
In base 10, what is 3 + -59?
-56
In base 2, what is 10 - 1001101?
-1001011
In base 8, what is 2 - -2362?
2364
In base 6, what is 1 - 1543?
-1542
In base 12, what is 1 + -120?
-11b
In base 3, what is 1120201 + -12?
1120112
In base 8, what is -24012 + -2?
-24014
In base 11, what is -125 + -3?
-128
In base 12, what is -4a2 - -1?
-4a1
In base 7, what is -1 + 511?
510
In base 2, what is 1010 - -100101?
101111
In base 2, what is -1100100 - -1010?
-1011010
In base 3, what is -12022021 - 2?
-12022100
In base 12, what is 0 - 62?
-62
In base 6, what is 1340 + -24?
1312
In base 12, what is 43a + 1?
43b
In base 14, what is -30d + 3?
-30a
In base 13, what is -341 + 6?
-338
In base 11, what is -1092 - 0?
-1092
In base 6, what is 32 - -10?
42
In base 16, what is 5 - 232b?
-2326
In base 16, what is 68 - 4?
64
In base 15, what is -b - 1?
-c
In base 2, what is -11000111110 - 10?
-11001000000
In base 11, what is -1 - -39?
38
In base 14, what is -17 + a?
-b
In base 12, what is -13 + 31?
1a
In base 12, what is 6 - b3?
-a9
In base 2, what is -11101110 - -100101?
-11001001
In base 14, what is -413 - 1?
-414
In base 13, what is 5 - -148?
150
In base 4, what is 111 + -303?
-132
In base 9, what is -232 - 3?
-235
In base 7, what is -66 - -1?
-65
In base 5, what is -33 + -334?
-422
In base 14, what is 111 - -1?
112
In base 3, what is 2202 - -10002?
12211
In base 10, what is -21 - -22?
1
In base 10, what is -2 + -2501?
-2503
In base 6, what is 21 + 124?
145
In base 4, what is 1120 + -200?
320
In base 11, what is 1 + 4?
5
In base 4, what is -10 + 20?
10
In base 10, what is -997 - 2?
-999
In base 15, what is 5 + -2db?
-2d6
In base 14, what is 177 + 1a?
193
In base 8, what is 106 - -3?
111
In base 3, what is 11000211 - 12?
11000122
In base 2, what is -11111111 + -1?
-100000000
In base 6, what is -5 + -230?
-235
In base 11, what is 2642 - -4?
2646
In base 11, what is -365 + 1?
-364
In base 14, what is 3 - -38?
3b
In base 4, what is 3113 + -11?
3102
In base 2, what is -101 - 11110010?
-11110111
In base 8, what is 3 + -1257?
-1254
In base 4, what is 2 + 121?
123
In base 15, what is -12dc + 0?
-12dc
In base 11, what is -1a7 + 18?
-18a
In base 3, what is 211111 + -11?
211100
In base 13, what is 26 - b?
18
In base 11, what is -4 - 193?
-197
In base 6, what is 5 + 3?
12
In base 8, what is 4 - 33?
-27
In base 10, what is 298 + 1?
299
In base 12, what is 1 - -4?
5
In base 9, what is 28 + -10?
18
In base 3, what is -12200002 + -11?
-12200020
In base 7, what is 101 + -3?
65
In base 3, what is -20002120 - -1?
-20002112
In base 11, what is 41 - 421?
-390
In base 2, what is -11 + -10110?
-11001
In base 2, what is -101 - 1000110?
-1001011
In base 6, what is -240 + -11?
-251
In base 5, what is -102214 + 0?
-102214
In base 4, what is -11 + 120?
103
In base 14, what is 5 - 11d?
-118
In base 3, what is 11100 + -200?
10200
In base 12, what is b - 244?
-235
In base 14, what is -6 + -1a?
-22
In base 6, what is -545 + 13?
-532
In base 6, what is -5 + 10251?
10242
In base 3, what is 2101 + -1?
2100
In base 3, what is 1101 + 1100?
2201
In base 4, what is -330121 + 1?
-330120
In base 7, what is -16514 + 5?
-16506
In base 5, what is -23 - -3?
-20
In base 10, what is 16 - -23?
39
In base 4, what is -21 + -22021?
-22102
In base 2, what is -1001 + -100000?
-101001
In base 16, what is 180 - -22?
1a2
In base 13, what is -1 + -a5a?
-a5b
In base 11, what is -18 + -357?
-374
In base 11, what is -4 - -65?
61
In base 7, what is 134 + 30?
164
In base 12, what is 8 - -6?
12
In base 10, what is 2261 - -2?
2263
In base 4, what is -211 - -23?
-122
In base 14, what is -41 - 3?
-44
In base 13, what is -2 + 2c1a?
2c18
In base 2, what is 1100100111 + 11?
1100101010
In base 3, what is 1101 + 20?
1121
In base 8, what is 4 + 16?
22
In base 12, what is 620 - 1?
61b
In base 6, what is 0 - -125?
125
In base 16, what is 4 + -114?
-110
In base 16, what is -21c + -b?
-227
In base 13, what is -c3 + 2?
-c1
In base 9, what is -123 + 4?
-118
In base 9, what is 150 - -3?
153
In base 16, what is 17 - -7?
1e
In base 11, what is 141 - -8?
149
In base 7, what is -364 + 21?
-343
In base 10, what is -2 + 1?
-1
In base 10, what is -180 + -4?
-184
In base 15, what is 22 - 10?
12
In base 14, what is 9 - -d5?
100
In base 16, what is b + -333?
-328
In base 12, what is -50 + -4?
-54
In base 10, what is 4 + -158?
-154
In base 2, what is -11011 + 11?
-11000
In base 9, what is -10 - 3333?
-3343
In base 13, what is -158 + 3?
-155
In base 13, what is 29c + 1a?
2b9
In base 2, what is 101110001 - 1001?
101101000
In base 14, what is -8b + -1?
-8c
In base 2, what is -11 + -111100?
-111111
In base 4, what is 1 + 1311230?
1311231
In base 14, what is 27 - 0?
27
In base 3, what is 20010120 + 11?
20010201
In base 7, what is 32 + -62?
-30
In base 10, what is -16 + 30?
14
In base 8, what is -4 + -121?
-125
In base 2, what is -101110110011 + -1101?
-101111000000
In base 12, what is -428 + -5?
-431
In base 8, what is -1 - -4066?
4065
In base 15, what is 4 + 418?
41c
In base 10, what is -9 - -57?
48
In base 6, what is -154 + -2?
-200
In base 2, what is 1000001 + -1011010?
-11001
In base 8, what is 12 - -21?
33
In base 15, what is 1be3 - 1?
1be2
In base 5, what is 214203 - -10?
214213
In base 13, what is -1531 + -8?
-1539
In base 16, what is -f7 - 13?
-10a
In base 16, what is -3a + 11?
-29
In base 6, what is -5010 - 0?
-5010
In base 5, what is 23230 - 40?
23140
In base 14, what is -52b + 0?
-52b
In base 14, what is -5 - 83?
-88
In base 6, what is 1150 - -5?
1155
In base 15, what is -2 + 178?
176
In base 12, what is 3ab - -5?
3b4
In base 5, what is -1 - 143?
-144
In base 16, what is 4 - -de?
e2
In base 11, what is -5 + 407?
402
In base 12, what is 4 - -7a?
82
In base 15, what is 118 - -6?
11e
In base 10, what is 25 + 43?
68
In base 15, what is 5 - -1d6?
1db
In base 10, what is 325 + 1?
326
In base 6, what is 354 - -53?
451
In base 12, what i